False
Is 57073 a prime number?
True
Is 24472393 prime?
False
Is 515147609 composite?
False
Is 5487661 prime?
False
Is 156334411 a composite number?
False
Is 373078735 a composite number?
True
Is 13463591 prime?
True
Is 578553623 a composite number?
False
Is 269237 a composite number?
False
Is 989981 a composite number?
False
Is 26239223 prime?
True
Is 2854157 prime?
True
Is 104052671 a prime number?
True
Is 130236287 prime?
True
Is 8533297 a prime number?
True
Is 134623 composite?
True
Is 1225687 composite?
False
Is 30218999 a composite number?
False
Is 8000329 composite?
True
Is 240308131 a prime number?
False
Is 2335427 composite?
False
Is 7311397 a composite number?
True
Is 14555309 composite?
False
Is 3343051 prime?
True
Is 8643287 prime?
True
Is 4295569 a prime number?
True
Is 8241791 a prime number?
True
Is 15419815 prime?
False
Is 968989 a prime number?
False
Is 36551797 prime?
False
Is 19388207 prime?
True
Is 60682277 a composite number?
False
Is 1676069 composite?
False
Is 397909 a prime number?
False
Is 2256910481 composite?
True
Is 10829963 prime?
False
Is 394778981 a prime number?
False
Is 91011358 a composite number?
True
Is 62827339 prime?
False
Is 20422331 prime?
False
Is 10483966 a prime number?
False
Is 1207559 a composite number?
True
Is 149586131 a composite number?
False
Is 19615823 a composite number?
True
Is 333737279 a prime number?
True
Is 19967143 a composite number?
True
Is 1419007 a composite number?
True
Is 10125467 prime?
False
Is 2473277 a prime number?
True
Is 3318467 prime?
False
Is 147910046 prime?
False
Is 88258535 prime?
False
Is 330427379 composite?
False
Is 22860491 a prime number?
True
Is 5995513 composite?
False
Is 2127883 a composite number?
False
Is 12760661 a composite number?
False
Is 42933827 prime?
True
Is 688260505 a composite number?
True
Is 5028319 composite?
False
Is 45100459 composite?
True
Is 60829487 a composite number?
True
Is 2851439 a composite number?
True
Is 28263767 a prime number?
False
Is 1708769 prime?
True
Is 347540623 a prime number?
True
Is 158830387 prime?
False
Is 531319127 a prime number?
True
Is 3450917 a prime number?
True
Is 16416073 composite?
False
Is 17159141 a prime number?
True
Is 679081159 a prime number?
True
Is 1479713 prime?
True
Is 314543 prime?
True
Is 6347743 prime?
False
Is 7785089 prime?
False
Is 38552401 composite?
False
Is 1704491 composite?
True
Is 6366527 a composite number?
True
Is 978691 composite?
True
Is 25278713 a composite number?
False
Is 452009 a composite number?
False
Is 147235859 prime?
True
Is 255517729 composite?
False
Is 313553717 prime?
False
Is 9700921 a composite number?
True
Is 36600433 composite?
True
Is 2325613 composite?
False
Is 5245397 a prime number?
True
Is 2656499 a composite number?
False
Is 19834121 a prime number?
False
Is 1006283 a prime number?
False
Is 163831667 composite?
False
Is 5861171 a composite number?
False
Is 5273251 composite?
False
Is 116040413 composite?
True
Is 371748199 prime?
True
Is 26184251 a composite number?
True
Is 22525667 a composite number?
False
Is 4928933 composite?
False
Is 105118681 composite?
True
Is 125537803 a composite number?
False
Is 130017577 prime?
True
Is 342467 prime?
True
Is 61292131 composite?
False
Is 34325437 prime?
True
Is 740965 a composite number?
True
Is 14147593 a prime number?
False
Is 3545461 a composite number?
False
Is 2626082 a prime number?
False
Is 122291219 a composite number?
False
Is 2413241 a composite number?
False
Is 94222951 prime?
False
Is 5581081 a prime number?
False
Is 142655147 prime?
False
Is 122868863 prime?
False
Is 12336077 composite?
True
Is 488239 a composite number?
False
Is 226337 a composite number?
False
Is 154522961 a composite number?
False
Is 4100191 a composite number?
True
Is 762271 a prime number?
False
Is 351151177 a prime number?
False
Is 3947227 composite?
False
Is 391621 a composite number?
True
Is 9438773 prime?
True
Is 179731011 composite?
True
Is 53926402 prime?
False
Is 4030247 composite?
True
Is 1015643 a prime number?
False
Is 32302243 composite?
False
Is 42724567 prime?
False
Is 1822867 prime?
True
Is 1721815 prime?
False
Is 918133 a composite number?
True
Is 484714 a composite number?
True
Is 77070589 a composite number?
True
Is 78976193 a prime number?
False
Is 196486643 composite?
False
Is 182899699 a prime number?
True
Is 43322309 a composite number?
True
Is 3850033 prime?
False
Is 2042449 a composite number?
False
Is 160595441 composite?
False
Is 4208635 a composite number?
True
Is 27279613 a prime number?
True
Is 41441243 composite?
True
Is 210417 prime?
False
Is 2952343 a composite number?
True
Is 7142563 a prime number?
True
Is 59778923 prime?
True
Is 1133009 a prime number?
True
Is 45455 prime?
False
Is 17306897 prime?
False
Is 2111233 a composite number?
True
Is 110076079 a composite number?
False
Is 4911707 prime?
True
Is 5945977 composite?
False
Is 9048155 composite?
True
Is 592961 prime?
False
Is 1393761 a composite number?
True
Is 14703497 a composite number?
False
Is 33790123 a prime number?
False
Is 257865761 composite?
False
Is 14089529 a composite number?
False
Is 48694717 prime?
True
Is 622405849 composite?
True
Is 155689 a prime number?
True
Is 4692631 a composite number?
False
Is 8373539 prime?
True
Is 11201434 prime?
False
Is 43761563 composite?
False
Is 1005713 a prime number?
False
Is 8611181 a composite number?
False
Is 5203673 composite?
True
Is 96238573 composite?
False
Is 418567 composite?
True
Is 10505597 a prime number?
True
Is 593819 prime?
False
Is 630170557 composite?
False
Is 50511047 composite?
False
Is 7116589 prime?
False
Is 4976987 composite?
False
Is 341802371 prime?
True
Is 30121681 composite?
False
Is 24950217 prime?
False
Is 4668935 composite?
True
Is 85260583 composite?
True
Is 70925747 composite?
False
Is 218100731 composite?
False
Is 211659973 a composite number?
True
Is 20359847 a composite number?
False
Is 98072402 a composite number?
True
Is 871050997 composite?
True
Is 120231533 composite?
False
Is 25993241 a prime number?
True
Is 3740195 a composite number?
True
Is 156275311 a composite number?
True
Is 125967757 a composite number?
True
Is 371323 a composite number?
True
Is 1044553 prime?
False
Is 5665451 a prime number?
False
Is 11678651 a prime number?
True
Is 13206917 prime?
True
Is 1266557269 composite?
True
Is 33067093 composite?
False
Is 27529969 prime?
True
Is 6373977 composite?
True
Is 29324651 composite?
False
Is 2883259 a prime number?
True
Is 1098287 a prime number?
True
Is 3186845 a prime number?
False
Is 645119 a prime number?
False
Is 4394239 prime?
False
Is 4632073 prime?
True
Is 90624943 composite?
True
Is 154922767 a composite number?
False
Is 1955197 prime?
True
Is 13442129 a prime number?
True
Is 54476479 composite?
False
Is 7151087 composite?
True
Is 573279743 a prime number?
False
Is 774853 composite?
False
Is 13135207 a composite number?
False
Is 1786769 composite?
False
Is 87684553 a composite number?
True
Is 40781603 composite?
True
Is 8025967 a prime number?
True
Is 1022377 a composite number?
False
Is 10816577 prime?
False
Is 210251 a prime number?
False
Is 53298671 prime?
True
Is 3720337 composite?
False
Is 33292843 composite?
True
Is 2031851 composite?
False
Is 574077071 a prime number?
True
Is 918733 composite?
False
Is 4384387 prime?
False
Is 6572737 prime?
True
Is 4256609 composite?
True
Is 472589207 a prime number?
False
Is 3035107 composite?
True
Is 48657909 a composite number?
True
Is 456463459 composite?
False
Is 56928077 a composite number?
False
Is 10634087 a composite number?
False
Is 61407147 a composite number?
True
Is 7350211 composite?
True
Is 78067499 a composite number?
False
Is 4818757 prime?
True
Is 47629717 a prime number?
True
Is 1107101 prime?
True
Is 627199 a prime number?
False
Is 169211717 a prime number?
False
Is 13826181 composite?
True
Is 10469059 prime?
False
Is 681883 composite?
False
Is 2862833 composite?
True
Is 12419767 prime?
True
Is 11359781 composite?
True
Is 2220227 composite?
True
Is 10121393 a composite number?
False
Is 12503797 a prime number?
True
Is 881065 a composite number?
True
Is 73877239 composite?
True
Is 94268701 a composite number?
False
Is 51336967 a composite number?
True
Is 803338267 a prime number?
Tru